6*m - 6*m - 930 = 0. Let x(n) = n**3 + 14*n**2 - 17*n - 31. Determine x(m).
-1
Let d(m) = -6*m**3 - m**2. Let n(h) = -h**3 + 11*h**2 - 11*h + 11. Let q be n(10). Let w be (21 - 21)/(2*q). Let v be (-5)/(5 - 0) - w. What is d(v)?
5
Let n(i) = -5 - 32*i**2 - 13*i + 88*i**2 - 27*i**2 - 25*i**2. Determine n(6).
61
Let u(c) = c**2 - c. Suppose -90 = -34*d + 29*d. Let n be d/14 - 20/70. Give u(n).
0
Let s(y) = y**2 + 7*y + 2. Let b be (-6 - 2/2)*(-1)/1. Suppose -14 = -7*j + b. Suppose j*x + m = -15, m + 3 = 2*x - 3*x. Calculate s(x).
-4
Let a be (-14)/(154/165) + (1 - -2). Let n(l) = -5*l + 21. Let u(h) = -3*h + 21. Let c(r) = 2*n(r) - 3*u(r). What is c(a)?
-9
Let m be (-4 - (-85)/20)*12. Let r(l) = -4*l**2 - 5*l**2 - 8*l - l**m - 3563 + 3564. Calculate r(-8).
1
Let w = -3 + 2. Let q(u) = 11 + u**2 + u - 12 - 13*u**3 + 7*u**3 + 2. What is q(w)?
7
Let b(r) be the third derivative of -r**6/60 - r**5/30 - r**4/6 - 4*r**3/3 + 1097*r**2. Determine b(-2).
8
Suppose -4*h = -4*p - 264, 8*p - 9*p = 2*h - 135. Suppose -h = 11*g - 12. Let y(k) = -k**2 - 4*k + 1. Determine y(g).
-4
Let h(a) = a**3 - 6*a**2 + 3*a - 1. Suppose 2*q - 115 = -3*x, -q + 37 = x - 1. Suppose -7*v = -20*v + x. Determine h(v).
-19
Let l = 11 + -4. Let t(j) = -2 - 161*j + 163*j + 13 - 2 - 2. What is t(l)?
21
Let k be (-2)/4*2 + 1 + 0. Suppose -3*w + 3*o = -k*o, -4 = -2*o. Let i(v) = 13*v - 3. Calculate i(w).
23
Let o be 12*(-5 - (3 + -12)). Let d = o - 41. Let x(n) = -n**2 + 5*n + 5. Give x(d).
-9
Suppose 5*w - 57 = 3*q, -5*w + 4*q + 30 = -31. Suppose 35 - w = b. Let r be 0 + (-34)/4 - b/52. Let x(z) = z**3 + 8*z**2 - 9*z + 5. Give x(r).
5
Let j(w) = -3*w**3 + 2*w**2 + w. Let r(g) = 2*g**2 - 3. Let h(y) = -2*y + 25. Let p be h(14). Let x be r(p). Suppose 0 = 4*u + x - 11. Give j(u).
4
Let s(a) be the second derivative of 3*a**3/2 + 3*a**2 - 11*a - 41. Calculate s(-3).
-21
Let n(p) = -p**3 - 7*p**2 + 10*p + 16. Let w be n(-8). Let d(u) = 4*u**2 - 13 - 5*u**2 + 18 + w*u**2 + 9*u. Calculate d(7).
19
Let w be -3*(-3590)/(-1800) - 2*-3. Let q(o) be the third derivative of 0*o + 1/6*o**4 + 2*o**2 + 0 + 2/3*o**3 + w*o**5. What is q(-6)?
16
Suppose 5*t = -4*j + 35 - 2, -5*j - 3*t = -51. Let m(d) = -4*d - 10. Calculate m(j).
-58
Suppose 5*v - 29 = 35*v - v. Let r(m) = 9*m**2 + 5*m + 4. Calculate r(v).
8
Let m(d) = -20*d**2 - 18*d + 3. Let p(c) = 7*c**2 + 6*c - 1. Let x(g) = -6*m(g) - 17*p(g). Suppose 2*r + 220 = 4*n + 190, 0 = 4*r - 2*n + 36. Calculate x(r).
6
Let r be (12 - 1) + -7 + -2. Let m(f) = 3*f - 6. Give m(r).
0
Let d be -1*25/20*-4. Suppose -5*j = 2*i - 27, -i + 30 = 2*j - d*i. Let y(g) = g - j*g + 6*g + g. Calculate y(3).
3
Suppose 2*z + 2 = -0. Suppose 127*a + 148 = 128*a. Let y(w) = 147 - w + w - a + 14*w**2. Calculate y(z).
13
Let h(u) = -8 + 3*u**3 + 14 - 2 - u**3 + u - 4*u**2. Let k be h(2). Let c(l) = -3*l**3 + 9*l - 2*l - 7 + 2*l**3 + 5*l**2. Determine c(k).
-1
Let y(q) be the second derivative of -7*q**4/12 + q**3/3 + q**2 - 7*q. Suppose 5*l = -2*n - 11, 5*l - 4 = 6*n - 3*n. Calculate y(l).
-7
Let m(d) = d**3 + d**2 + 2*d - 24. Let g be (-6)/45 + (-14)/(-105). What is m(g)?
-24
Suppose 504 - 514 = -k. Let q(y) = -13*y + 22. Let s(f) = 15*f - 25. Let v(w) = -6*q(w) - 5*s(w). Determine v(k).
23
Let r(y) = y**3 + 7*y**2 + 3*y - 4. Suppose 50*a + 43 = 193. Suppose 1907 = a*o + 1925. What is r(o)?
14
Let c be (-4 + 15/4)*-20. Suppose -4*q + 9*q = 5*b - 5, 3*b + c*q = 3. Let s(f) = -12*f**3 + f**2. What is s(b)?
-11
Let s = 65 - 63. Suppose s*f + 5 = -1. Let p(k) = k + 4*k**2 - 11*k**2 + 3 + 6*k**2. Determine p(f).
-9
Suppose -4 = -2*t, -2 = -d + 4*d + 2*t. Let g be -2 - ((-6)/d + 0). Let a(y) = 4*y - 19 + 6*y**2 - 14 - 270*y**3 + 271*y**3 + 31. Calculate a(g).
3
Let p(a) be the first derivative of -a**4/4 + 5*a**3/3 - 7*a**2/2 + 5*a + 1753. What is p(4)?
-7
Let m(n) = 8*n + 25. Let t be m(-3). Let d be (-5 + 5)/(t - 2). Let l be (4 - d)*(-5)/60*-33. Let r(g) = g - 7. What is r(l)?
4
Let x(j) be the third derivative of j**7/1680 - j**6/360 + 7*j**5/12 - j**2. Let l(o) be the third derivative of x(o). Suppose 2 = -4*c + 3*c. What is l(c)?
-8
Let y(o) = o**2 + 8*o + 8. Let k = -640 - -644. Let h = -2 + 2. Suppose h = -k*c - 12 - 12. What is y(c)?
-4
Let n(k) be the first derivative of -k**3 - k**2/2 + 29*k - 59. Let j(i) be the first derivative of n(i). Determine j(-2).
11
Let t(d) be the second derivative of 0 - 7/6*d**3 - 7*d - 1/20*d**5 - 1/2*d**2 - 7/12*d**4. What is t(-6)?
5
Let v(w) be the third derivative of 1/6*w**3 + 37*w**2 + 0 - 2*w + 5/24*w**4. Calculate v(-2).
-9
Let h = -3271 - -3268. Let s(a) = 13*a + 12. Calculate s(h).
-27
Let v(t) = -2*t + 3. Let a(s) = s**3 + 3*s**2 - 44*s - 46. Let w be a(-8). Calculate v(w).
31
Let s(k) = 6*k**2 + 6*k**3 - 13*k**3 - 122 + 134 - 5*k**2 + 6*k**3. Suppose 8*p - 11*p = -48. Let w be 0/(p/(-3 - 1)). What is s(w)?
12
Let o(h) = h**2 + 9*h. Let r(v) = -3*v - 17. Let q be r(-4). Let y be 2 + -5 + 15/q. What is o(y)?
-18
Let m = -731 + 730. Let s(p) = -p**3 - 3*p**2 + 3*p + 2. Let o(t) = t**2 + t - 1. Let a(b) = m*o(b) + s(b). Give a(-3).
-12
Suppose -i + 7*k = 2*k + 33, 5*k = -3*i - 99. Let f(p) = 11*p + 365. Give f(i).
2
Suppose 222 = 1147*f - 1184*f. Let k(x) = -16*x - 23. What is k(f)?
73
Let s(j) = -j**3 - 6*j**2 - 5*j + 10. Let l = -3486 + 3480. What is s(l)?
40
Let j(f) be the first derivative of -f**4/4 + 5*f**3/3 + 5*f**2 + f + 1. Suppose -30 = -9*x + 42. Suppose -x*b + 27 = 5*r - 6*b, r + 9 = -4*b. Give j(r).
-27
Suppose 16*l - 9*l = 42. Let n be (-7)/((-21)/2) + 8/l. Let o(q) = 214*q**2 - 213*q**2 + q**3 + n - 4 - 2*q. What is o(-2)?
-2
Let y be 2/8*-1 - (-210)/40. Suppose 5*z + y*h = 25, 3*h - 4 = 5. Let r(o) = o + 5 + 4 + z - 6. What is r(7)?
12
Let c(g) be the third derivative of -g**6/120 + g**5/30 + g**4/8 + g**3/6 + g**2. Suppose 25*i + 50 = 35*i. Suppose -i*s = -5, -16*d - s + 5 = -18*d. Give c(d).
11
Let y(b) = -b**3 + 21*b**2 + 23*b - 15. Suppose 569*q - 1122 = 518*q. Calculate y(q).
7
Let h(j) be the first derivative of j**3/3 + 35*j**2/2 - 195*j - 894. What is h(-40)?
5
Let m(j) = -2*j - 13. Suppose -5*o + 3*g = -32, g = 5*o - 3*g - 36. Let y(t) = -o + 9 + 2*t + 9. Let h(k) = 5*m(k) + 4*y(k). Give h(-6).
3
Let n(w) be the first derivative of -23*w**3/6 - w**2/2 - 29*w - 82. Let a(i) be the first derivative of n(i). What is a(-1)?
22
Let b(x) be the first derivative of -x**2/2 - 8*x - 4. Let v be b(-11). Let l(w) = -797 - 6*w + 797. Calculate l(v).
-18
Let t(i) = 47*i**3 - 4*i**2 - 19*i. Let b(k) = -16*k**3 + k**2 + 7*k - 1. Let l(z) = -3*b(z) - t(z). Let s be 3/((-1)/((-2)/(-2))). Give l(s).
-9
Let k(o) = 3*o**2 - 26*o - 1. Suppose 15 = 3*d, 5*z - d + 9 = 44. Determine k(z).
-17
Let d(j) = -j - 5. Suppose 0 = -2*l, 2*v + v - 570 = l. Let r = 182 - v. Calculate d(r).
3
Let x(y) be the first derivative of 10*y + 3/2*y**2 + 7/3*y**3 + 1/4*y**4 - 15. Let m be (-28)/8*4/2. Give x(m).
-11
Let f(c) = 8*c + 64 - 15*c + 4*c + 7*c - c. Give f(-16).
16
Let l(i) = -8*i**2 + 7*i - 1. Let w(f) = f**2. Let y(r) = -l(r) - 6*w(r). Let n = 11 + -13. Let b be (60/12)/((-2 - n) + 1). Calculate y(b).
16
Let g(a) = 311*a - 84*a - a**3 - 75*a - 77*a - 76*a - 3*a**2. Let o be ((6/8)/(-3))/((-6)/(-24)). What is g(o)?
-1
Let f(x) be the first derivative of 1/4*x**4 - 17 + x**3 - 3/2*x**2 + 4*x. Give f(-4).
0
Let a(u) = 129 + 101 - 222 - 2*u. Let q be (-407)/(-77) + 2 + 48/(-21). Calculate a(q).
-2
Suppose 0 = -2*s + 2*q - 2 - 0, 0 = -5*s + 4*q. Let g(k) = 5 + s*k + 2*k**2 - 13 - 6*k**2 + 5. What is g(2)?
-11
Let o(v) be the first derivative of -15*v**2 - 16*v + 48. Let l(z) = 15*z + 9. Let s(x) = 7*l(x) + 4*o(x). Calculate s(2).
-31
Let q(v) = v - 1. Let g(w) = w - 2. Let y(p) = 9*p + 62. Let l be y(-7). Let k(x) = l*g(x) + 4*q(x). What is k(10)?
28
Let q(d) = -8*d + 25. Let t(n) = n**2 + 63*n + 967. Let r be t(-37). Determine q(r).
-15
Suppose -2*t - 16 + 6 = 4*b, -5*t = -5*b + 25. Suppose 0 = -2*s + 2, b*s + 2*s = 3*p + 32. Let h(y) = -y**2 - 11*y - 12. What is h(p)?
-2
Let b(c) = 172*c**2 - 6*c + 41. Let r(g) = 17*g**2 + 3. Let t(h) = b(h) - 11*r(h). Calculate t(2).
-64
Let k = -4356 - -4350. Let u be 1/2 - (-2)/4. Let z(b) = 2*b**3 - 4*b**2 - 2*b - 3*b - 3*b**2 + u - 3*b**3. Give z(k).
-5
Suppose 3*p + 152 = p. Let w = p + 50. Let x = w